 a be (2 + (-64)/20)*1150/(-15). Let m = -81 + a. Let k = m + -5. Calculate the remainder when 10 is divided by k.
4
Calculate the remainder when 315 is divided by (-2*(-24)/16*-1)/((-1)/17).
9
Let f = 30 + -45. Let k = f + 19. Suppose 0*x + k*x = 48. What is the remainder when 26 is divided by x?
2
Calculate the remainder when 4678 is divided by 6/18*(191 - 11).
58
Let m(h) = h**3 + 7*h**2 - 6*h - 22. Suppose -585 = -5*z - 0*z. Calculate the remainder when z is divided by m(-7).
17
Let m(k) = -15*k**2 + 15*k - 22. Let v(r) = 7*r**2 - 8*r + 11. Let u(f) = 6*m(f) + 13*v(f). What is the remainder when u(18) is divided by 17?
15
Let p = 16124 + -7086. Suppose -27*j + 358 + p = 0. Calculate the remainder when j is divided by 70.
68
Let z(v) = v**3 - 11*v**2 - 24*v + 2. Let l = 118 + -105. Calculate the remainder when 192 is divided by z(l).
24
Let y(j) = -j + 10. Let z(u) = u**2 + 9*u + 4. Let s be z(-9). Suppose 0 = r - s*l - 7, -r - 34 = -3*r - 2*l. Calculate the remainder when r is divided by y(6).
3
Let r(x) = -x**3 - 22*x**2 - x + 26. Let b = -1488 - -1640. What is the remainder when b is divided by r(-22)?
8
Let f = 240 - 167. Suppose 10*m - 57 + 12 = 345. What is the remainder when f is divided by m?
34
Suppose -1422 = -3*j + 3*b, 2*j - 6*b = -b + 957. Let x = j + -304. Calculate the remainder when x is divided by 34.
31
Let h be ((-406)/21)/(2/3). Let o(p) = -p**2 - 29*p + 18. Suppose 11 = 3*q - 4, 0 = -5*j - q + 360. What is the remainder when j is divided by o(h)?
17
Suppose -11*x + 43 = -2*f - 16*x, f + 17 = 2*x. Let l(n) = -60*n**2 - n + 1. Let w be l(1). Let d = f - w. Calculate the remainder when d is divided by 9.
5
Let p(b) = -143*b - 3413. Calculate the remainder when 1008 is divided by p(-24).
1
Let p(c) = c**3 - 16*c**2 + 26*c + 45. Let o(n) = n**3 - 23*n**2 - n + 37. Let l be o(23). Calculate the remainder when p(l) is divided by 14.
3
Suppose p - 3 = -1. Let b = -16 - 20. Let z(m) = m + 37. What is the remainder when p is divided by z(b)?
0
Suppose 5*s + 54133 = 54168. Calculate the remainder when 2471 is divided by s.
0
Suppose 53*t = 45*t + 1056. Calculate the remainder when 351 is divided by t.
87
Suppose 1308 = 31*m - 1420. Let l = 12 - -14. What is the remainder when m is divided by l?
10
Suppose -20*y = -15*y + 165. Let x = y + 38. Let o = 93 + -72. Calculate the remainder when o is divided by x.
1
Suppose 0 = d + 2*w - 1092, -16*d - 2*w = -3*d - 14076. What is the remainder when d is divided by 29?
9
Let g = -10 + 19. Suppose -102*f = -136*f + 3128. Suppose f - g = u. Calculate the remainder when u is divided by 28.
27
Let g = 101 - 29. Let o = 84 - g. Suppose q + 1573 = o*q. What is the remainder when q is divided by 24?
23
Suppose 147*b - 142*b - 100 = 0. Let z = b + -7. What is the remainder when 5/25 - 238/(-10) is divided by z?
11
Suppose -2*g = l - 15, -121*g + 120*g = 3*l - 35. Calculate the remainder when 52 is divided by l.
8
Let b be (2/(-3)*-1)/(2/15). Suppose -b*s = -319 + 84. Calculate the remainder when 93 is divided by s.
46
Let k = 155 + -108. Suppose -w + k + 31 = 0. What is the remainder when 389 is divided by w?
77
Let m be 2/((-2)/5)*(-30)/(-25). Calculate the remainder when 817 is divided by (115/(-10) + -2)*52/m.
115
Let k = -6872 + 6925. What is the remainder when 1295 is divided by k?
23
Let w = 85 - 520. Let h = 437 + w. Calculate the remainder when 25 is divided by h.
1
Let n = 1203 - 195. Calculate the remainder when n is divided by 22.
18
Let r(i) = 8*i + 29. Let p be r(-2). Suppose -h = p*h - 728. Calculate the remainder when 206 is divided by h.
50
Suppose 65*z + 35*z - 389 = 6911. What is the remainder when 212 is divided by z?
66
Let a be ((-28)/10)/(40/25 + -2). Suppose 0 = 9*k - a*k - 28. What is the remainder when k is divided by 6?
2
Let y(h) be the second derivative of -13*h + 1/2*h**2 - 1/6*h**3 + 0. What is the remainder when 8 is divided by y(-5)?
2
Suppose -6*k - 77 - 163 = 0. What is the remainder when 135 is divided by 24/k - 216/(-10) - 1?
15
Let h(v) = -v**2 - 16*v + 3. Suppose -4*z - 41 = -3*q, 0 = 4*z - z - q + 32. What is the remainder when h(z) is divided by (-3 - 2/(-4)) + (-140)/(-8)?
13
Suppose 4205 = -745*n + 781*n - 14479. Calculate the remainder when n is divided by 249.
21
Let a = -42175 - -42540. What is the remainder when a is divided by 60?
5
Suppose -37*f = 376 - 586 - 752. Calculate the remainder when 2508 is divided by f.
12
Let m(r) = -29*r + 114. Let x be m(4). Calculate the remainder when x*((-3868)/8 - 2) is divided by 81.
80
Suppose -b + 5*o = 11, -3*b + 0*b + 4*o = 33. Let j be b/(-44) - 45/4. Let f = 78 - j. Calculate the remainder when f is divided by 23.
20
Let l(m) = 5*m**2 - 2*m + 8. Suppose 10*r - 3*f + 32 = 11*r, -5*r = -3*f - 160. Calculate the remainder when l(3) is divided by r.
15
What is the remainder when 473 is divided by (-21*30/(-1750))/((-2)/(-10))*25?
23
Suppose -96*l = -101*l + 25. Suppose 22 = f - l*a, 0 = 4*f + 2*a + a + 4. What is the remainder when 5 is divided by f?
1
Let u = 471 - 223. Suppose 5*f = -3*q + 29, -60 = 14*q - 18*q + 4*f. What is the remainder when (u/10)/(10/25) is divided by q?
10
Let s(w) = 122*w - 2. Let a be s(1). Suppose -5*l = -a + 25. Suppose 0 = d + 3*b - 8 - 53, -5*d = 2*b - 357. Calculate the remainder when d is divided by l.
16
Let h = 6397 + -5427. What is the remainder when h is divided by 18?
16
Suppose 44 = 3*d - 3*l - 325, 4*d - 462 = -2*l. Calculate the remainder when 205 is divided by d.
87
Let f = -16683 - -16688. Calculate the remainder when 302 is divided by f.
2
Let d = 438 + -438. Suppose d = 7*r - 145 + 5. Calculate the remainder when 132 is divided by r.
12
Suppose 2*r - 38 = -2*r - 15*r. Calculate the remainder when 62 is divided by r.
0
Let g be ((-436)/(-6))/(12/36). Suppose 0 = -3*f + 5*n + 105, 5*f + 4*n - g = -43. What is the remainder when f is divided by 11?
2
Suppose -2*g + 0*g - 154 = 5*h, 5*g - 4*h + 385 = 0. Let s = 96 + g. Suppose -4*z + 47 - s = 0. Calculate the remainder when 16 is divided by z.
2
Let d = -3244 - -3491. Suppose -3*c - 6*l = -l + 500, -4*c - 3*l - 652 = 0. Let f = d + c. Calculate the remainder when f is divided by 22.
21
Suppose 2 = -0*j + j + 3*n, -j = -2*n - 27. What is the remainder when ((770/21)/11)/((-2)/(-438)) is divided by j?
16
Suppose -3*t - 344*n + 340*n = -285, -t + 85 = 3*n. Calculate the remainder when 361 is divided by t.
52
Let l = -8450 - -8494. Let f be 6/((-4)/(-2))*1. What is the remainder when l is divided by -2*18/(-4) + f?
8
Let h(a) = -9*a + 50. Suppose -2*l - 24 = -6. What is the remainder when h(-1) is divided by -3*6/l + 10?
11
Let q(t) = -271*t - 3801. Calculate the remainder when q(-16) is divided by 89.
1
What is the remainder when 84*5/(-60)*-148 is divided by 8?
4
Suppose -5*i - 89 = -m - 10*i, 3*i - 83 = -m. Suppose 4*h - 178 + 34 = 0. Calculate the remainder when m is divided by (0 - 0) + 2 + h.
36
Let n(f) = 12*f**2 - 24*f - 184. Calculate the remainder when n(-10) is divided by 17.
15
Suppose 10*z - 14*z - 2*j = -682, 687 = 4*z - 3*j. What is the remainder when z is divided by -35*3/12*-4?
31
Suppose 7*j + 51 - 9 = 0. What is the remainder when 103 is divided by 13*(2 + j)/(-4)?
12
Suppose -d + 163 = 4*v - 245, -5*d = 2*v - 2022. Calculate the remainder when d is divided by 192.
20
Let a(j) = 2*j**2 - 8*j - 5. Let w be (-27)/(-6)*(11 - 9). Suppose 4*o - 80 = -5*z - o, 0 = -2*z - 4*o + 28. Calculate the remainder when a(w) is divided by z.
13
Suppose -2*g - 1574 = -4*m + 2040, -1 = g. What is the remainder when m is divided by 174?
33
Let g be (36/8)/((-15)/(-990)). Let o = g - 278. Suppose -j = 2*n - 109, -4*n - 3*j - 28 + 251 = 0. What is the remainder when n is divided by o?
14
Let o = -263 - -300. Suppose -46*u = -o*u - 297. Calculate the remainder when u is divided by 20.
13
What is the remainder when 6 - 1 - (9 + 5)*-36 is divided by 51?
50
Let n be -1*1/2 + 342/12. Let y = n + 19. Let i(d) = d + 22. What is the remainder when y is divided by i(-6)?
15
Let z = -143 - -146. Suppose -5*l - n = -z*n - 29, -2*n = 2*l - 6. What is the remainder when 22 is divided by l?
2
Let s(n) = 58*n**2 - 175*n + 7. Let p be s(3). Let l = 5 + 4. What is the remainder when ((-32)/5)/p*(-45)/6 is divided by l?
3
Suppose 0 = 2*w - 4*w